y) = -y**3 + 6*y + 1. Let v(p) = -p**3 + 7*p + 1. Let c(a) = 6*s(a) - 5*v(a). Give c(-1).
1
Let d(a) = -a**2 - 7*a - 5. Let n = 9 + -16. Let z be d(n). Let s(h) be the first derivative of h**3/3 + 3*h**2/2 - 6*h + 1. Determine s(z).
4
Let p(k) = k**2 - 2*k. Let i be p(3). Suppose -i*f - 2*w + 12 = 0, 13 = 5*f - 3*w - 26. Let q(a) = a**2 - 6*a - 6. Determine q(f).
-6
Let c(i) = -i**2 - 7*i + 8. Let q be c(-6). Let y be q/(-21) + 4/6. Let u(f) = f - 4. Calculate u(y).
-4
Let y(u) = u**2 + 0*u**2 + 2 + 2*u**3 + 3*u + u**2. What is y(-2)?
-12
Let u(p) = -p**2 + 4*p + 12. Let a(t) = -t**2 + 4*t + 13. Let x(z) = 5*a(z) - 6*u(z). Determine x(5).
-2
Let p(l) = -5 + 0 - 2*l + 2 + 2*l**2 + 4*l. Give p(3).
21
Suppose -f - 1 = 0, 3*d + 18 = 8*d + 2*f. Let b(l) = -8*l - l + 12*l + 2 - 4*l. Give b(d).
-2
Let l(x) = -2 + 12*x - 12*x + x**2 + 0*x**2. Let q = 1 + -1. Suppose q = p + 3 - 5. What is l(p)?
2
Let w(x) = x**3 - 3*x**2 - x - 5. Let m be w(4). Suppose -2*j = -m*j - 10. Let g(z) be the second derivative of 2*z**3/3 + 3*z**2/2 - z. Calculate g(j).
-5
Let s(v) be the first derivative of v**2/2 - 12*v - 7. Calculate s(7).
-5
Let k(o) = o**2 + o + 1. Let s(u) = -6*u**2 - 6*u - 6. Let a(z) = -5*k(z) - s(z). Suppose i + 2*i + 3 = 0. What is a(i)?
1
Let l be 5*(-4 + (-64)/(-20)). Let u(b) = -b**2 - 4*b - 5. Determine u(l).
-5
Suppose b - 3 = -1. Let n(f) = -3*f**3 - 3*f**2 - 6*f + 3. Let z(c) = 6*c**2 + 8*c**3 + 13*c - c**3 - 6 + 0*c**2. Let w(y) = 9*n(y) + 4*z(y). Calculate w(b).
-5
Let n(s) = 4*s**3 - 2*s**2 + 1. Let d(z) = -2*z - 45. Let r be d(-23). Determine n(r).
3
Let f = 1 + 3. Let s(c) = -3*c + 7. Let u(t) = -t + 1. Let w(b) = f*u(b) - s(b). Give w(3).
-6
Let i(l) = l - 8. Let a be i(12). Let b(s) = s + 1. Let f(g) = 5*g + 5. Let u(z) = 6*b(z) - f(z). Give u(a).
5
Let h(f) be the third derivative of f**6/24 + f**5/60 + 8*f**2. Determine h(-1).
-4
Let w(c) = -7*c**2 + c - 5. Let q(y) = 8*y**2 - y + 6. Let u(n) = 6*q(n) + 7*w(n). What is u(0)?
1
Let w(y) be the first derivative of y**3/3 - 2*y**2 - y - 7. Let x = 11 + -7. What is w(x)?
-1
Let d(o) = -o**2 - 2*o + 5. Suppose 2*i = 6*i. Suppose -6*n + n - 60 = -5*v, 4*n + 4 = i. Suppose -6*k + 20 = -v*k. Give d(k).
-3
Let c(x) be the second derivative of x**3/3 + 3*x**2/2 - x. Let a be c(-3). Let w(n) = n**2 + 7*n + 4. What is w(a)?
-8
Let k(y) = 2 + y**2 - 3 - 3*y - 2. Let x be k(4). Let i(a) be the third derivative of 5*a**4/24 - a**3/6 + 2*a**2. Determine i(x).
4
Suppose -9*g + 35 + 46 = 0. Let s(j) = -j**2 + 9*j + 5. Give s(g).
5
Let y(k) = -2*k**3 - 2*k**2 + 4*k - 3. Let f be y(1). Let v(z) = 2*z + 4. Determine v(f).
-2
Let m(p) be the third derivative of p**4/6 - p**3/6 - 71*p**2. Give m(-1).
-5
Let g(o) = -o**3 - 8*o**2 - 4. Let q = 13 - 7. Let p = -10 + q. Let n(w) = -3*w**3 - 23*w**2 - 11. Let k(f) = p*n(f) + 11*g(f). Calculate k(-4).
0
Let p(u) = -4*u + 30. Let a be p(6). Let g(q) = q**2 - 4*q - 4. Give g(a).
8
Let v(n) be the third derivative of -n**8/6720 + n**6/720 - n**5/120 - n**4/12 + 4*n**2. Let y(f) be the second derivative of v(f). Calculate y(0).
-1
Suppose -4*s = -0*v + v - 14, -3*s = 5*v - 2. Let k(f) = -f - 2. Let g(n) = n + 1. Let w(a) = 4*g(a) + k(a). Calculate w(v).
-4
Let p(x) = x**2 - 7*x - 16. Let q be p(9). Let j(m) be the third derivative of 0 + 1/30*m**5 - 1/6*m**3 + q*m**2 + 0*m - 1/12*m**4. Give j(2).
3
Let g(i) = -2*i - 1. Let z(b) = b + 7. Let a be z(-8). Let s be g(a). Let j(r) = 4 - 3*r + s + 5*r. Give j(-5).
-5
Let q be (-18)/15*(-10)/4. Let d(m) be the third derivative of -m**6/120 + m**5/30 + m**4/12 + 2*m**3/3 - 3*m**2. Calculate d(q).
1
Suppose -4*y = y - 10. Suppose 2*b + 11*s - 25 = 6*s, -7 = -y*b + s. Let f(m) be the first derivative of m**2 - 3*m + 2. What is f(b)?
7
Let d(j) = j**3 + 6*j**2 - 8*j - 6. Let b(z) = -3*z + 2. Let m be b(3). Give d(m).
1
Let x(h) = 3*h**2 + h + 1. Let v(p) = 10*p**2 + 2*p + 3. Let o(f) = -2*v(f) + 7*x(f). Give o(-5).
11
Let h = -130 - -132. Let p(c) = 14*c - 1. What is p(h)?
27
Let b(l) be the second derivative of -l**8/6720 + l**7/504 - l**6/240 - l**5/24 + l**4/3 + l. Let y(a) be the third derivative of b(a). Calculate y(4).
-1
Let p(b) = 5721*b - 5713*b + 6*b**2 + b**3 + 3*b**2 + 4. Give p(-8).
4
Let t(s) = -s**2 + s + 1. Let z be t(0). Let y be z/(-2)*(-2 - 4). Suppose -k = -2*k - y. Let d(n) = n**3 + 2*n**2 - 5*n - 4. Determine d(k).
2
Let j be 2/1*(-2 - -3). Suppose -5*i + i = -j*f - 12, -f - 15 = -5*i. Let v(q) = 0 - 3*q + 11*q - 6*q + 4. Calculate v(i).
10
Let b(i) be the first derivative of 1/4*i**4 - 7*i + 5 - 7/3*i**3 + 5/2*i**2. What is b(6)?
-13
Let o(c) = -c**3 + c**2. Let y be o(-1). Let n be -6*((-1)/y)/1. Let f(g) be the first derivative of g**4/4 - g**3/3 - 2*g**2 - g + 3. Give f(n).
5
Let k(n) = -5*n**3 - n**2 + 6*n - 8. Let m(w) = -w**3 + w - 1. Let y(o) = -k(o) + 6*m(o). Give y(0).
2
Let t = -1 - -6. Let v(g) be the second derivative of -g**5/20 + g**4/2 - 5*g**3/6 + 2*g**2 - 5*g. Determine v(t).
4
Let q(r) be the third derivative of 0*r + 0 - 1/6*r**3 + 0*r**4 - 1/10*r**5 + 3*r**2. Give q(-1).
-7
Let g = 1 + 1. Let u be -2 - (-1)/(2/g). Let s(w) = -7*w**2 + 1. Give s(u).
-6
Let l(u) = -12*u + 1. Let x = -6 - -5. Calculate l(x).
13
Let w(k) be the first derivative of k**4/4 - k**3 + k**2/2 + 1. Let l(n) = n**2 + 2*n + 3. Let y = 4 + -6. Let t be l(y). Determine w(t).
3
Let m = -2 - -8. Let x(g) = g - 2. Let j be x(m). Let b(u) be the third derivative of -u**5/60 + u**4/4 - u**3/6 - 2*u**2. What is b(j)?
7
Let x(d) = -d**3 - 7*d**2 + 2 - 3*d**3 + 5*d**3. Let u be x(7). Let k(o) = -3*o + 4*o - 2 - u - 5. Give k(6).
-3
Let x(o) be the second derivative of -o**5/20 + 2*o**4/3 - o**3 - o**2/2 - 8*o. Calculate x(7).
6
Let p(g) = 23 - 16 + 4*g**2 - 6*g - 3*g**2. Give p(5).
2
Suppose -d = 3*d - 24. Suppose d = y + 3. Let z(h) = -2*h - 1. What is z(y)?
-7
Let m = 12 - 10. Suppose 3*p = 2*n - 2, -m*p + 4*n + n = 5. Let q(x) = -x - 7. Determine q(p).
-7
Let f(j) = j**3 + 16*j**2 + 16*j + 20. Let u be ((-2 - -1) + 2)*-15. Let m be f(u). Let w(q) = -q + 7. Determine w(m).
2
Let j(q) = 6*q**2 + 7 - 10*q**2 + 3*q**2 - 4*q. Give j(-6).
-5
Let v(z) = -z**3 - 5*z**2 + z - 1. Let r = 9 - 19. Suppose 2*i + 5*m = -17, i - 5*m = 5*i + 9. Let u be (r/(-8))/((-1)/i). Determine v(u).
-6
Suppose -m = -l - 3*l - 25, 10 = -l + m. Let b(h) = -5*h - 16. Let g(y) = -4*y - 15. Let z(s) = -3*b(s) + 4*g(s). Calculate z(l).
-7
Let g(d) be the third derivative of d**4/2 - d**3/6 + 7*d**2. Calculate g(1).
11
Suppose 0 = -5*u + 5*o, -3*o = 3*u + 3 - 9. Let q = 9 - 10. Let h = u - q. Let b(f) = 3*f - 2. Calculate b(h).
4
Let t(a) = -1 + 2*a**2 + 2 - a**2. Suppose 0*f = -y - 2*f - 6, 0 = 5*f + 10. Calculate t(y).
5
Let o(z) = -z**3 + 4*z**2 - z. Let i = 17 + -14. Calculate o(i).
6
Let j(r) = -1 - 5*r + 0 + 5 + 1 - r**2. Give j(-4).
9
Let u(n) be the second derivative of -n**6/120 - n**5/15 - n**4/8 - 3*n**2/2 + n. Let d(h) be the first derivative of u(h). Determine d(-3).
0
Let x(d) = -2*d**2 - 4*d - 5. Let i(s) = -3*s**2 - 8*s - 9. Let l(b) = -3*i(b) + 5*x(b). What is l(3)?
5
Suppose q + 3*g - 15 = 0, -q - 3*q = -2*g - 4. Let t(b) = 4*b - 3*b + 3 + b**2 + q. Suppose -2*s = -s. What is t(s)?
6
Let m be (-2)/(1/(-3)*-2). Let k(s) = -s - 3*s + s - s**2. What is k(m)?
0
Let j = -2 + 5. Let k(p) = -j*p - 6*p + 7*p. Suppose -4*t - d + 4*d = -13, -4*t = 2*d + 2. Calculate k(t).
-2
Let t(s) = 5*s**2 + 2*s - 5. Let w(d) = -14*d**2 - 5*d + 14. Let h(f) = -17*t(f) - 6*w(f). Suppose 3*z - 15 + 3 = 0. Let x = z + -7. Determine h(x).
4
Let p(t) = -t**2 + 6*t - 3. Suppose 7 = 3*o - 14. Suppose -2*i = o - 17. Suppose -2*f + f = -i. Calculate p(f).
2
Let l(g) = 4*g + g**2 + 3*g - 4*g. Suppose -2*k - 5*j + 6 = 0, -18 = 9*k - 4*k - 4*j. What is l(k)?
-2
Let m(g) = 5*g**2 + 10*g + 5. Let b(k) be the first derivative of 4*k**3/3 + 9*k**2/2 + 6*k + 2. Let n(t) = 4*b(t) - 3*m(t). Calculate n(-6).
9
Let r(b) be the first derivative of b**4/24 + 7*b**3/6 - b**2/2 - 1. Let c(d) be the second derivative of r(d). Let i = 256 - 256. Calculate c(i).
7
Suppose 5*x - 3*d - 9 = 0, 3*d - 2 = -3*x - 11. Suppose 10 = -4*k + i, 4 + x = -2*i. Let z(s) = s**3 + 4*s**2 + 3*s - 4. Give z(k).
-4
Let u be 10/(-4)*(-12)/15. Let t(y) = -1 - 4 + 8 + 6*y - 5*y + y**u. Calculate t(0).
3
